ivided by 1372?
1370
Calculate the remainder when 3838922 is divided by 51.
50
Calculate the remainder when 5109 is divided by 284.
281
What is the remainder when 585786 is divided by 717?
714
Calculate the remainder when 4297 is divided by 296.
153
What is the remainder when 460178 is divided by 1826?
26
What is the remainder when 28347 is divided by 76?
75
What is the remainder when 229125 is divided by 57279?
9
What is the remainder when 35811 is divided by 28?
27
What is the remainder when 1318187 is divided by 386?
383
Calculate the remainder when 240330 is divided by 19.
18
What is the remainder when 128093 is divided by 700?
693
Calculate the remainder when 5694 is divided by 947.
12
Calculate the remainder when 632500 is divided by 745.
740
What is the remainder when 1586 is divided by 752?
82
What is the remainder when 108614 is divided by 33?
11
Calculate the remainder when 2531 is divided by 207.
47
Calculate the remainder when 3838 is divided by 125.
88
What is the remainder when 2656 is divided by 15?
1
What is the remainder when 11992 is divided by 147?
85
What is the remainder when 70458 is divided by 34?
10
What is the remainder when 67010 is divided by 657?
653
Calculate the remainder when 2167 is divided by 142.
37
What is the remainder when 122 is divided by 113?
9
What is the remainder when 14959 is divided by 33?
10
What is the remainder when 3538 is divided by 82?
12
Calculate the remainder when 393094 is divided by 131028.
10
What is the remainder when 4071 is divided by 127?
7
What is the remainder when 183586 is divided by 111?
103
What is the remainder when 1818726 is divided by 43?
41
Calculate the remainder when 4674 is divided by 100.
74
Calculate the remainder when 17667 is divided by 290.
267
Calculate the remainder when 11199 is divided by 6.
3
Calculate the remainder when 6905 is divided by 40.
25
Calculate the remainder when 135555 is divided by 51.
48
Calculate the remainder when 1005593 is divided by 43.
38
Calculate the remainder when 46462 is divided by 296.
286
Calculate the remainder when 1944 is divided by 222.
168
Calculate the remainder when 34228 is divided by 167.
160
What is the remainder when 3375 is divided by 3301?
74
What is the remainder when 25766 is divided by 145?
101
Calculate the remainder when 25247 is divided by 19.
15
What is the remainder when 2879 is divided by 76?
67
What is the remainder when 726 is divided by 345?
36
What is the remainder when 999 is divided by 113?
95
Calculate the remainder when 1308 is divided by 18.
12
What is the remainder when 21256 is divided by 477?
268
What is the remainder when 56508 is divided by 22?
12
What is the remainder when 1924475 is divided by 621?
617
Calculate the remainder when 1123106 is divided by 42.
26
Calculate the remainder when 476979 is divided by 2198.
13
What is the remainder when 3429 is divided by 729?
513
What is the remainder when 51515 is divided by 18?
17
Calculate the remainder when 95150 is divided by 146.
104
Calculate the remainder when 3548 is divided by 327.
278
What is the remainder when 26918 is divided by 5?
3
What is the remainder when 6931 is divided by 102?
97
What is the remainder when 7461 is divided by 299?
285
What is the remainder when 8198 is divided by 6?
2
Calculate the remainder when 306 is divided by 200.
106
What is the remainder when 62722 is divided by 31333?
56
Calculate the remainder when 10231 is divided by 9.
7
Calculate the remainder when 3534 is divided by 112.
62
What is the remainder when 29987 is divided by 14973?
41
Calculate the remainder when 5925 is divided by 960.
165
Calculate the remainder when 2634 is divided by 986.
662
What is the remainder when 4730 is divided by 38?
18
Calculate the remainder when 17575 is divided by 272.
167
What is the remainder when 2679 is divided by 44?
39
Calculate the remainder when 756 is divided by 200.
156
What is the remainder when 14268 is divided by 21?
9
Calculate the remainder when 13904 is divided by 13875.
29
Calculate the remainder when 5433 is divided by 607.
577
What is the remainder when 1226328 is divided by 180?
168
Calculate the remainder when 419 is divided by 362.
57
Calculate the remainder when 269 is divided by 83.
20
What is the remainder when 389030 is divided by 9?
5
Calculate the remainder when 95576 is divided by 19105.
51
What is the remainder when 14003 is divided by 410?
63
Calculate the remainder when 3563 is divided by 454.
385
What is the remainder when 9338 is divided by 24?
2
Calculate the remainder when 19634 is divided by 207.
176
Calculate the remainder when 16382 is divided by 3273.
17
Calculate the remainder when 159328 is divided by 10.
8
Calculate the remainder when 628 is divided by 17.
16
What is the remainder when 1361 is divided by 101?
48
Calculate the remainder when 11159 is divided by 552.
119
Calculate the remainder when 1552 is divided by 506.
34
Calculate the remainder when 43537 is divided by 1551.
109
What is the remainder when 127804 is divided by 15971?
36
What is the remainder when 433 is divided by 410?
23
Calculate the remainder when 517181 is divided by 1306.
5
Calculate the remainder when 1853 is divided by 13.
7
What is the remainder when 6429 is divided by 1?
0
What is the remainder when 360375 is divided by 107?
106
What is the remainder when 120527 is divided by 54?
53
What is the remainder when 75094 is divided by 22?
8
Calculate the remainder when 899 is divided by 868.
31
Calculate the remainder when 5347 is divided by 4518.
829
Calculate the remainder when 292033 is divided by 146012.
9
What is the remainder when 2144 is divided by 714?
2
What is the remainder when 345417 is divided by 342?
339
What is the remainder when 149069 is divided by 14?
11
What is the remainder when 3707 is divided by 360?
107
Calculate the remainder when 13552 is divided by 51.
37
Calculate the remainder when 67128 is divided by 26.
22
What is the remainder when 3165 is divided by 164?
49
What is the remainder when 11383 is divided by 253?
251
What is the remainder when 179727 is divided by 10?
7
What is the remainder when 13186 is divided by 27?
10
Calculate the remainder when 165501 is divided by 96.
93
Calculate the remainder when 7317 is divided by 431.
421
What is the remainder when 5126 is divided by 5124?
2
Calculate the remainder when 167619 is divided by 493.
492
Calculate the remainder when 113653 is divided by 28395.
73
Calculate the remainder when 83222 is divided by 97.
93
Calculate the remainder when 15035 is divided by 193.
174
Calculate the remainder when 11837 is divided by 87.
5
What is the remainder when 771 is divided by 183?
39
What is the remainder when 1716 is divided by 23?
14
What is the remainder when 28044 is divided by 157?
98
Calculate the remainder when 493010 is divided by 38.
36
What is the remainder when 9262 is divided by 109?
106
Calculate the remainder when 29481 is divided by 1232.
1145
What is the remainder when 101741 is divided by 595?
591
What is the remainder when 3078 is divided by 63?
54
What is the remainder when 165769 is divided by 123?
88
Calculate the remainder when 21269 is divided by 21267.
2
What is the remainder when 48696 is divided by 43?
20
What is the remainder when 35323 is divided by 471?
469
What is the remainder when 221 is divided by 137?
84
What is the remainder when 46753 is divided by 227?
218
What is the remainder when 1307079 is divided by 166?
161
Calculate the remainder when 73161 is divided by 84.
81
What is the remainder when 43578 is divided by 159?
12
Calculate the remainder when 8314 is divided by 173.
10
What is the remainder when 56738 is divided by 520?
58
What is the remainder when 342025 is divided by 1437?
19
Calculate the remainder when 66348 is divided by 1374.
396
Calculate the remainder when 40980 is divided by 226.
74
Calculate the remainder when 24845 is divided by 436.
429
Calculate the remainder when 7773 is divided by 7609.
164
Calculate the remainder when 156 is divided by 90.
66
Calculate the remainder when 2749 is divided by 57.
13
What is the remainder when 195110 is divided by 27865?
55
Calculate the remainder when 20570 is divided by 148.
146
What is the remainder when 21111 is divided by 641?
599
What is the remaind